te the greatest common factor of 50 and o.
10
Suppose 2*h - 3*f - 179 = 100, 5*h + 2*f - 669 = 0. What is the highest common factor of 15 and h?
15
Let u be (-3)/(-12) - 63/(-4). Suppose o + u = 5*o. Calculate the highest common factor of 4 and o.
4
Let y be (24/10)/(30/100). Calculate the greatest common factor of y and 1.
1
Suppose -4*i = -2*t + 24, -4*t = 2*i - 6*i - 48. Calculate the highest common factor of t and 3.
3
Let f be -22 - 0/(-4 + 0). Let u = 51 + -16. Let z = u + f. Calculate the highest common divisor of z and 39.
13
Suppose -o + 3 + 7 = 0. What is the highest common factor of o and 110?
10
Let k(y) = y**2 + 4*y + 4. Let c be k(-3). Calculate the greatest common factor of c and 4.
1
Let p = 449 + -141. What is the greatest common factor of p and 28?
28
Suppose 0 = -u - 0*u - 2. Let r be ((-15)/6)/(u/20). What is the highest common divisor of r and 5?
5
Let w be (-2)/5 + (4352/20)/4. What is the highest common divisor of 90 and w?
18
Let v = -169 + 299. Suppose 3*y = 12, -5*p - 5*y = -10 - v. What is the highest common factor of 8 and p?
8
Let t = 9 - -42. Let p = t + -25. What is the highest common divisor of p and 65?
13
Let x(c) = -2 + 1 + c + c + 11*c**2. Let w be x(1). What is the greatest common divisor of w and 18?
6
Let x = -37 + 46. Calculate the highest common factor of 6 and x.
3
Let t(k) = -k**3 + 7*k**2 - 3*k + 2. Let i be t(6). Let s be (0 + 12)*(-1)/(-3). What is the highest common factor of i and s?
4
Let c be (-4 + 1)/(1/(-1)). Suppose 0 = h + c*h - 4. Let y(x) = 19*x - 1. Let q be y(h). Calculate the highest common factor of 90 and q.
18
Suppose 5*a - 4*n = -199, 3*a + n + 137 = -n. Let q = a - -71. Calculate the highest common divisor of 70 and q.
14
Let a(g) = -g + 17. Let t be a(-7). Suppose 9 = -3*c + t. Let i = 15 - -10. Calculate the highest common divisor of c and i.
5
Let h be 2*(-1 + -3)/(-2). Suppose -3*z + 0*z = -h*i + 91, 4*z = -4*i + 84. Calculate the highest common factor of i and 44.
22
Let c(f) = 5*f - 3. Let q be c(-5). Let i = q + 43. Calculate the highest common divisor of i and 60.
15
Let x be 1/((-42)/22 + 2). Let o(y) be the second derivative of -43*y**3/6 + y**2/2 - y. Let s be o(-1). Calculate the greatest common divisor of s and x.
11
Suppose -3*w = -2*w - 14. Let l = -33 - w. Let m = 92 + l. What is the highest common divisor of 9 and m?
9
Let l(b) = -10*b + 5. Let a be l(-3). Let f be 9/(-3)*(-4)/3. Suppose -8 = f*m, -2*h + 26 = -2*m + 8. Calculate the greatest common factor of a and h.
7
Let v = 72 - 39. Suppose 3*g - v = -6. Suppose -3*m + 4*z + 60 + 148 = 0, -3*m + 2*z + 212 = 0. Calculate the greatest common factor of m and g.
9
Let g be 94/8 - 1/(-4). Let q(p) = 6*p**3 + p**2 - p + 1. Let s be q(1). Suppose 5*o - s - 13 = 0. Calculate the greatest common divisor of o and g.
4
Suppose -5*h + 45 = 2*n, -3*h - 4*n + 0*n = -27. What is the highest common divisor of 3 and h?
3
Let w = 36 + 0. What is the greatest common divisor of w and 9?
9
Suppose 5 = j, 2*j = 3*c - 160 + 56. What is the greatest common factor of 19 and c?
19
Let l(a) = -32*a - 13. Let s be l(-4). Calculate the highest common divisor of s and 23.
23
Suppose 0 = 5*t + 4*y - 138, 2*t - y - 50 = -0*t. Calculate the greatest common divisor of 208 and t.
26
Suppose 4*m + 80 = 8*m. Let x(y) = 3*y**2 + 1. Let n be x(-1). What is the greatest common factor of m and n?
4
Suppose 2*h + h = 27. Suppose -4*c = 1 + 3. Let l be (-25)/c + -4 + 6. Calculate the greatest common factor of h and l.
9
Suppose -2*z = z - 72. Suppose -q = -5*q + 64. What is the greatest common factor of z and q?
8
Suppose -3*z = 12 - 36. Let o be 44/6 + z/(-6). Calculate the highest common divisor of o and 54.
6
Let i be ((-1)/(-3))/((-1)/(-6)). Suppose i*c + y - 269 = 0, y - 6*y = 3*c - 414. What is the highest common factor of 19 and c?
19
Let f be 312/30 + 9/15. Suppose -4*v + 2 + 2 = 0. What is the greatest common divisor of v and f?
1
Let q(u) = 18*u - 9. Let v be q(6). What is the highest common factor of v and 11?
11
Let m be 9/(-3)*(-280)/6. What is the highest common factor of m and 20?
20
Let f(i) = 2*i**2 + 3*i. Let q be f(3). Let x = 0 - 0. Suppose x = 4*y - 16, -3*h + 3*y - 2 = -17. What is the highest common divisor of q and h?
9
Suppose 3*z + 2*z = 5*l + 10, 4*z + 10 = -5*l. Suppose z*s = -2*s. Suppose -x + n + s = -20, 4*n + 99 = 5*x. Calculate the greatest common divisor of 76 and x.
19
Let q(y) = -11*y - 1. Let h be q(-1). Suppose -4*n = -c - 10, -58 + 13 = -3*c - 3*n. What is the greatest common divisor of c and h?
10
Suppose -19*q + 2*q + 2312 = 0. Calculate the greatest common divisor of q and 34.
34
Let x = 289 - 273. Let s = -9 - -23. Suppose -2 = 5*y - 2*i - 16, -2*y + 5*i + s = 0. What is the greatest common factor of y and x?
2
Suppose -2*i + 6 = 3*b, i - 3*b - 2*b = 16. Let s(j) = 3 - j + i + 5. Let d be s(0). Calculate the highest common factor of d and 42.
14
Let j = -5 + 9. Let y be 12/((30/(-8))/(-5)). Suppose -l + 20 = -y. What is the highest common factor of j and l?
4
Let d = -4 + 8. Suppose -5*r + 83 = d*n, -3*r + 71 = 3*n - r. What is the greatest common divisor of 3 and n?
3
Let d(w) = -7*w - 13. Let l be d(-4). What is the highest common factor of 90 and l?
15
Let w(p) = 29*p - 18. Let s be w(4). What is the greatest common factor of s and 14?
14
Let s = 20 - 14. Calculate the greatest common divisor of 12 and s.
6
Suppose -52 = -2*a + 60. What is the highest common factor of 7 and a?
7
Suppose 0*i - 3*i - 2*y + 190 = 0, -y - 202 = -3*i. What is the highest common factor of i and 6?
6
Suppose 0 = -j - 15 + 33. Calculate the greatest common divisor of 9 and j.
9
Let r = 382 - 254. Calculate the highest common divisor of r and 16.
16
Suppose -5*c + 45 = -35. Let z(f) = f - 3. Let p be z(6). Suppose 5*s = p*s + 4. What is the highest common divisor of s and c?
2
Let u = -63 + 101. What is the greatest common divisor of 418 and u?
38
Suppose -y + 2*f + 27 = 0, 3*y = -3*f + 58 - 13. What is the highest common divisor of y and 19?
19
Let j = 30 - 12. Calculate the greatest common divisor of 42 and j.
6
Let j(m) = 2*m**2 + 10*m - 3. Let w(g) = 2*g**2 + 9*g - 2. Let i(h) = -6*j(h) + 7*w(h). Let y be i(4). What is the greatest common factor of 6 and y?
6
Let k(f) be the third derivative of 3*f**4/4 + 3*f**3/2 - 9*f**2. Let l be k(4). Calculate the greatest common factor of 9 and l.
9
Let t = -6 - -9. Calculate the greatest common divisor of t and 18.
3
Let a(v) = -19*v - 2. Let x be a(3). Let u = 106 - x. Calculate the greatest common divisor of 15 and u.
15
Suppose -4 = -3*n + n. Suppose -12*r = -9*r - 12. Suppose n*t - 10 = r. What is the highest common factor of t and 49?
7
Suppose 5*o + 3*d = -1 + 5, o - 4*d = 10. Suppose 7*m = o*m - 350. Let q be (36/30)/((-3)/m). Calculate the highest common factor of 4 and q.
4
Suppose 0 = -m + 3. Let i = m - -8. Let o be ((-2)/4)/((-12)/1056). What is the greatest common factor of i and o?
11
Let h = 181 + -121. What is the greatest common factor of h and 10?
10
Let d = 39 - -71. Calculate the greatest common divisor of d and 22.
22
Suppose -3*l + 18 = 3*f + 2*f, 4*f - 13 = -l. Suppose 0 = -f*y - y + 160. Let g = 7 - -9. What is the greatest common divisor of g and y?
8
Suppose -2*d + 7*d + 10 = -4*i, 4*d + 8 = 2*i. Suppose i = 9*t - 6*t - 9. Suppose -2*q + 0*q = -6. What is the highest common divisor of t and q?
3
Let d(y) = -y**2 + y + 4. Let u be d(2). What is the greatest common divisor of u and 14?
2
Let t(h) = 49*h**2 + h + 4. Let f be t(-2). Calculate the greatest common factor of 18 and f.
18
Let c(q) = q - 4. Let l be (2/(-4))/(1/(-6)). Let z be c(l). Let t = 4 - z. Calculate the greatest common divisor of t and 55.
5
Suppose 60*l = 55*l + 315. Calculate the greatest common factor of l and 9.
9
Suppose -5*v + 19 = -4*v + 2*m, 5*v + m = 68. Calculate the highest common divisor of v and 26.
13
Let r(y) = -y**3 + y**2 + y - 2. Let u be r(-2). Let z(m) = m**2 + m - 4. Let a be z(-4). Calculate the highest common factor of a and u.
8
Let t be ((-60)/3 + 2)*-2. Calculate the highest common divisor of t and 9.
9
Let f = -26 + 27. What is the greatest common divisor of f and 1?
1
Let m be 174/10 - (-6)/(-15). Calculate the greatest common divisor of m and 34.
17
Let k = 22 - -5